 = 3*c. Let j(m) be the third derivative of -m**4/24 - m**3/2 - 2*m**2. Determine j(a).
-3
Let u be (-26)/91 + (-52)/14. Let d(v) = -5*v**3 + 10*v**2 + 15*v - 8. Let y(o) = -3*o**3 + 5*o**2 + 8*o - 4. Let m(h) = 4*d(h) - 7*y(h). Determine m(u).
-4
Suppose 17*b - 15*b = 50. Let j = b - 26. Let z(f) = -4*f**2 - f. Determine z(j).
-3
Let t(b) = -b + 23. Let w be t(21). Let o(n) = 1 + 2*n + n**w - 2*n**2 + 0*n**2 - 2. Give o(1).
0
Suppose -5*m - 3*i + 45 = -8*i, 2*m - 5*i - 21 = 0. Suppose -m*n = -n - n. Let g(u) = 2*u - 2 + 2*u**3 - 3*u - 3*u**3. Give g(n).
-2
Let t(z) = -4*z + 2. Let k be t(1). Let i be k/(-3) - (-95)/15. Let m(d) = -2 + i + d**3 - 3 - 2*d**2 + 4*d**2. Calculate m(-3).
-7
Let q(y) = -13*y. Suppose 0 = 5*s, -8 = 2*m - m + 5*s. Let x = 10 + m. Suppose b - 3*b - x = 0. Give q(b).
13
Let l(r) = -3*r**2 + 4*r - 3. Let h(u) = 4*u**2 - 3*u + 2. Let s(j) = -2*h(j) - 3*l(j). Calculate s(5).
0
Let s(f) = 1314*f - f**3 - 1312*f + 0*f**3 + 4 - 9*f**2 + 5. Give s(-9).
-9
Let p(w) = 6*w + 2. Let z(j) = 8*j + 1 + 7*j - 10*j. Let k(q) = -3*p(q) + 4*z(q). Calculate k(-3).
-8
Let q(y) = y - 6. Let n(u) be the second derivative of -2*u**3/3 + 19*u**2/2 + 2*u. Let h(r) = -2*n(r) - 7*q(r). Let c be h(-6). Let m(s) = s + 1. Give m(c).
-1
Let k(w) = w**3 - 5*w**2 - 6*w + 6. Let g be k(6). Let m(f) be the first derivative of 7/2*f**2 - 1/3*f**3 - 21 + 4*f. Determine m(g).
10
Suppose 5*t + 12 = 8*t. Let r(b) = b**2 - 4*b - 3. Let j be r(5). Let i(m) = -2*m**2 + 2*m**j + m**3 - 4*m**2. Calculate i(t).
0
Suppose 39 = 3*x + 3. Suppose -c + 10*q - x*q = -4, -4*c + 16 = q. Let u(b) be the third derivative of b**5/30 - b**4/4 + b**3/2 - b**2. What is u(c)?
11
Let g(h) be the first derivative of -h**3/3 + 3*h**2/2 - 2*h - 55. Calculate g(3).
-2
Let c(u) be the first derivative of 9*u**2/2 - 242. Let r be (-1 + 2)/((-2)/(-4)). Calculate c(r).
18
Let n(r) be the first derivative of -r**2 + 32. Give n(2).
-4
Suppose -9*f = -f + 1072. Let s = f - -131. Let d(o) = -3 - 2*o - 5*o**2 - 3*o - o**3 + o. Give d(s).
-9
Let x(m) = 5*m + 2 + 18*m + 15*m**2 - 9*m + 0*m + m**3. Determine x(-14).
2
Let f = 7 - 5. Suppose -7*w - 22 = -f*w + 2*q, -17 = 5*w - 3*q. Let i(k) = -k**3 - 5*k**2 - 7*k - 5. Calculate i(w).
7
Let q(b) be the second derivative of b**4/6 - b**3/6 + 3*b**2/2 + 28*b. Let u(x) be the first derivative of q(x). Give u(-4).
-17
Let c(v) = v**2 + 2*v - 260 + 3*v**2 - 257 + 518. Suppose -4*r + 2*x - 12 = 0, -2*r - x = x. Give c(r).
13
Suppose 4*k - 5*f - 37 = 0, -k + 2 = -f - 7. Let g(z) = -4*z**2 + k + 3*z**2 - 7*z + 0. Calculate g(-6).
14
Suppose -4*p - 12 = 2*m, -122*m + 117*m = -3*p + 43. Let f(x) = -x - 13. Calculate f(m).
-5
Let h(c) = -3*c + 26. Let a(s) = -s**2 - 131*s - 868. Let z be a(-7). Calculate h(z).
26
Let h be 49*(0 + 0 - 88/(-308)). Let g(a) = 2*a - 25. Calculate g(h).
3
Let y(i) be the third derivative of -i**4/24 + 5*i**3/6 - 6*i**2 - 10*i. Calculate y(10).
-5
Let m(i) = -519*i**2 + 520*i**2 - 4 - 7*i - 2. Give m(5).
-16
Let h(t) = 4*t**2 - t + 1. Let x(z) = -3*z**2 + z - 1. Let n be (-8)/(-18) - (-76)/(-9). Let f(l) = n*x(l) - 5*h(l). What is f(2)?
13
Let v(m) = -4*m**3 + 89*m**2 - 22*m - 3. Let h be v(22). Let g(q) = -q**3 - q**2 + 3*q - 2. Determine g(h).
7
Let f(d) = d - 2. Let k be 2/(0 - (-4)/6). Suppose 0 = -h - k*h + 12. Suppose h*m + 8 = -7. Calculate f(m).
-7
Let q(i) be the third derivative of -1/2*i**3 + 0*i + 1/120*i**6 + i**2 - 7/24*i**4 + 0 + 1/12*i**5. Suppose 0 = -2*y, h - 5*y + y + 6 = 0. What is q(h)?
3
Let j(q) be the second derivative of -4*q**3/3 + 68*q. What is j(4)?
-32
Suppose 0*j - 2*i = 3*j + 5, 3*i + 3 = 0. Let u(d) = 3*d - 6. Let x(w) = 1. Let c(a) = -u(a) - 5*x(a). What is c(j)?
4
Let b(i) = i**3 - 5. Suppose 2*r - 3*y + 30 = 7*r, 4*r - 32 = -4*y. Suppose 0 = -4*m + r*m. What is b(m)?
-5
Let a(o) be the second derivative of 1/12*o**4 + 5/2*o**2 - 7*o + 4/3*o**3 + 0. What is a(-4)?
-11
Let q(w) = -2*w**2 + 7*w - 2. Let c be q(4). Let u(z) = z**2 + 7*z - 6. What is u(c)?
-12
Let y(t) be the first derivative of -t**3/3 + 4*t**2 - 6*t - 10. Suppose 0 = 8*q - 12*q + 16. Determine y(q).
10
Let w(z) = z**2 - 2*z - 2. Let m be w(3). Let b be ((-12)/(-30))/(m/(-5)). Let l be (-25)/35 - b/(-7). Let c(y) = 5*y**2 + 2*y + 1. Calculate c(l).
4
Let c be -1*1/((-1)/1). Let n(q) = 4*q**2 + 3*q - 1. Let f be n(c). Suppose 5*b = m + 30, -2*b + f = -m - 9. Let v(h) = h**3 - 6*h**2 + 3*h - 1. Determine v(b).
-11
Let t(r) = 13*r - 5 - 3 - 6*r - 9*r + 1. Determine t(5).
-17
Let k(r) = -5*r**2. Let j(u) = -24*u**2 - 10*u - 11. Let a(p) = -j(p) + 5*k(p). What is a(10)?
11
Let g(j) be the first derivative of -j**6/120 + j**5/60 + j**4/24 + 2*j**3/3 + 13*j**2/2 + 15. Let b(s) be the second derivative of g(s). Give b(3).
-11
Let j(x) = 5*x**2 - 21*x - 8. Let b(k) = k**2 - 4*k - 1. Let m(o) = -4*b(o) + j(o). What is m(3)?
-10
Let t(p) = p**3 - 13*p**2 - p + 12. Let g be t(13). Let q(x) = x**2 + 9*x - 7. Let w(v) = v. Let m(y) = g*q(y) + 4*w(y). Determine m(-5).
7
Let r = -2599 - -2601. Let u(x) = 4*x**2 - 9*x + 3. What is u(r)?
1
Let l be (-16 - (1 + -4))*1 - 5. Let c(d) = -3*d - 42. Give c(l).
12
Let f(y) = -7*y + 1. Suppose 55*j - 50*j - 5 = 0. Determine f(j).
-6
Let m(w) = w**2 + 5*w - 1. Let q be m(-3). Let f(c) = -7*c - 4. Let k(b) = 10*b + 6. Let u be 30/(-4)*4/6. Let h(d) = u*k(d) - 7*f(d). Calculate h(q).
5
Suppose 4*a - 35 = -a. Let s(v) = -4*v - 3*v - v - 1 + a*v. Calculate s(-3).
2
Let w(r) be the second derivative of -17*r**5/20 - r**4/12 + r**3/6 - 187*r. Calculate w(1).
-17
Let o(d) = 2*d - 9. Let z be o(6). Let w(h) = -5*h + 2 - z - 2*h + 3*h. Let x(p) = -2*p + 28. Let r be x(15). Determine w(r).
7
Let c = 71 - 69. Let h(g) = -1 - 3*g**c - g**3 + 2*g**2 + g - 2*g + 18*g**3. Determine h(-1).
-18
Let r = 29 - 26. Let l(a) = 0*a**3 - a**2 - r*a + 0*a + 3*a**3 + 3. What is l(2)?
17
Suppose -4 = -4*t + 3*t. Suppose 0 = -5*k - t*y, -17 = -3*y - 2. Let z(n) be the third derivative of n**6/120 + n**5/30 - 7*n**4/24 - n**3 - n**2. Give z(k).
-10
Let j(w) = -5*w - 2. Suppose -3*v + 5*g = -3 + 1, -2*g - 20 = 2*v. Let y(n) = 6*n + 1. Let l(r) = v*y(r) - 7*j(r). Let t be (-3)/(-3 - 18/(-8)). Give l(t).
4
Let z(x) = -x**2 - x - 1. Let g(o) = o**3 - 4*o**2 - 7*o - 8. Let q(a) = -g(a) + 5*z(a). Let r be (0 + 2 + -6)*(-8)/8. Suppose k - r = -6. Determine q(k).
3
Let m(i) = 3*i**2 + 12*i - 23. Let p be m(-10). Let r(g) = -152 + p + 2*g - 3*g. Give r(-7).
12
Let q be (22 - 1) + (3 - 5). Let x(l) = 20*l**2 + 2 - 3*l - q*l**2 + 0*l. Let s be x(4). Let a(h) = -2*h + 1. Give a(s).
-11
Let j be (6/15)/(2/(-10)). Let s(l) = l - 9. Let k(u) = u - 4. Let r(h) = j*s(h) + 5*k(h). Let g be 96/72*(-3)/2. Give r(g).
-8
Let a = 25 + 3. Suppose 4*g + a = -2*f - 2*f, 5*f + 19 = -g. Let q(t) = -9*t - 2. Let n(r) = -19*r - 5. Let x(l) = f*n(l) + 7*q(l). Calculate x(-1).
7
Suppose 5*h = 25 + 40. Let q = h - 13. Suppose -4*w - j + 1 = q, 5*w - 4*j + 6 = 2. Let v(d) = -d**2 - 1. Give v(w).
-1
Let b(v) = -6*v**3 + v**2. Let x(h) = -8*h - 55. Let u be x(-7). Determine b(u).
-5
Let x(w) be the third derivative of -w**4/24 - w**3 + 347*w**2. Determine x(10).
-16
Let g be (-7)/(-4) - 8/(-32). Let v(l) = 1 - 6 + 6 - 6*l - 7*l**g + 5 - l**3. Calculate v(-5).
-14
Let h be 7/(-2)*4/(-7). Let x be 3 - h - 6/(-3). Let g(y) = 0*y + 7*y + 2*y + 8 + y**x - 4*y - 8*y**2. Give g(7).
-6
Let k = -308 + 315. Let i(h) = h**2 - 5*h - 18. Give i(k).
-4
Let g(o) = -o**3 + 2*o**2 - o + 1. Let b = -386 + 386. Calculate g(b).
1
Let q(c) be the third derivative of -c**4/24 - 11*c**3/6 + 6*c**2 + 3. What is q(-10)?
-1
Let g(d) = 9*d**2 + 10*d + 2. Let a(l) be the third derivative of -11*l**5/60 - 11*l**4/24 - l**3/6 - l**2 + 8*l. Let m(f) = 4*a(f) + 5*g(f). Calculate m(-5).
1
Suppose -7 - 3 = -5*d. Let y(c) = 2*c**2 - 4*c - c**2 - c**d + c**2. Calculate y(5).
5
Let d = -669 + 670. Let k(w) = 7*w**3 - 2*w**2 - w + 1. Calculate k(d).
5
Let k(n) = n**3 - 5*n**2 + 15*n + 4. Let i(b) = -b**3 + 6*b**2 - 19*b - 3. Let x(z) = -4*i(z) - 5*k(z). What is x(0)?
-8
Let i(m) = -54*m**2 - 4*m**3 + 0*m**3 + 3 + 61*m**2 + 3*m**3 - 8*m. Give i(6).
-9
Let p(q) be the first derivative of -q**7/840 - 7*q**6/360 - q**5/120 - q**4/6 - q**3/3 - 12. Let z(d) be the third derivative of p(d). Calculate z(-7).
3
Sup